{"id":155,"date":"2024-04-09T16:56:25","date_gmt":"2024-04-09T14:56:25","guid":{"rendered":"https:\/\/wp.raisch-elektro.de\/?page_id=155"},"modified":"2026-03-30T17:01:04","modified_gmt":"2026-03-30T15:01:04","slug":"antennen","status":"publish","type":"page","link":"https:\/\/wp.raisch-elektro.de\/index.php\/willkommen\/kommunikationstechnik\/antennen\/","title":{"rendered":"Antennen"},"content":{"rendered":"\n<figure itemscope itemtype=\"https:\/\/schema.org\/ImageObject\">\n\t\t\t\t<img decoding=\"async\" src=\"https:\/\/wp.raisch-elektro.de\/wp-content\/uploads\/2024\/04\/Antennentechnik.jpg\" alt=\"Antennentechnik\" height=\"198\" width=\"694\" title=\"Antennentechnik\" onerror=\"this.style.display='none'\" loading=\"lazy\" \/>\n\t<\/figure>\n\t<blockquote>\n<h1>Antennentechnik<\/h1>\n<p>Wir bieten Ihnen die Planung und Installation einer UKW- Antenne mit Erg\u00e4nzung einer Parabolantenne f\u00fcr den Satellitenempfang in Ein- und Mehrfamilienh\u00e4usern an. Diese empf\u00e4ngt Rundfunkprogramme wie Radio, Fernsehen oder andere Dienste wie zum Beispiel Internetzugang \u00fcber Satellit.<\/p>\n<p>Im Gegensatz zum Kabelfernsehen fallen hier keine laufenden Geb\u00fchren an und Sie haben eine sehr gro\u00dfe Vielfalt an Sendern, welche auch ausl\u00e4ndische Sender beinhaltet.<\/p>\n<\/blockquote>\n<figure itemscope itemtype=\"https:\/\/schema.org\/ImageObject\">\n\t\t\t\t<img decoding=\"async\" src=\"https:\/\/wp.raisch-elektro.de\/wp-content\/uploads\/2024\/04\/003neu.jpg\" alt=\"003neu\" height=\"458\" width=\"290\" title=\"003neu\" onerror=\"this.style.display='none'\" loading=\"lazy\" \/>\n\t<\/figure>\n\n","protected":false},"excerpt":{"rendered":"<p>Antennentechnik Wir bieten Ihnen die Planung und Installation einer UKW- Antenne mit Erg\u00e4nzung einer Parabolantenne f\u00fcr den Satellitenempfang in Ein- und Mehrfamilienh\u00e4usern an. Diese empf\u00e4ngt Rundfunkprogramme wie Radio, Fernsehen oder andere Dienste wie zum Beispiel Internetzugang \u00fcber Satellit. Im Gegensatz zum Kabelfernsehen fallen hier keine laufenden Geb\u00fchren an und Sie haben eine sehr gro\u00dfe Vielfalt [&hellip;]<\/p>\n","protected":false},"author":1,"featured_media":0,"parent":57,"menu_order":3,"comment_status":"closed","ping_status":"closed","template":"","meta":{"footnotes":""},"class_list":["post-155","page","type-page","status-publish","hentry"],"_links":{"self":[{"href":"https:\/\/wp.raisch-elektro.de\/index.php\/wp-json\/wp\/v2\/pages\/155","targetHints":{"allow":["GET"]}}],"collection":[{"href":"https:\/\/wp.raisch-elektro.de\/index.php\/wp-json\/wp\/v2\/pages"}],"about":[{"href":"https:\/\/wp.raisch-elektro.de\/index.php\/wp-json\/wp\/v2\/types\/page"}],"author":[{"embeddable":true,"href":"https:\/\/wp.raisch-elektro.de\/index.php\/wp-json\/wp\/v2\/users\/1"}],"replies":[{"embeddable":true,"href":"https:\/\/wp.raisch-elektro.de\/index.php\/wp-json\/wp\/v2\/comments?post=155"}],"version-history":[{"count":9,"href":"https:\/\/wp.raisch-elektro.de\/index.php\/wp-json\/wp\/v2\/pages\/155\/revisions"}],"predecessor-version":[{"id":616,"href":"https:\/\/wp.raisch-elektro.de\/index.php\/wp-json\/wp\/v2\/pages\/155\/revisions\/616"}],"up":[{"embeddable":true,"href":"https:\/\/wp.raisch-elektro.de\/index.php\/wp-json\/wp\/v2\/pages\/57"}],"wp:attachment":[{"href":"https:\/\/wp.raisch-elektro.de\/index.php\/wp-json\/wp\/v2\/media?parent=155"}],"curies":[{"name":"wp","href":"https:\/\/api.w.org\/{rel}","templated":true}]}}