{"id":199,"date":"2024-04-09T17:44:02","date_gmt":"2024-04-09T15:44:02","guid":{"rendered":"https:\/\/wp.raisch-elektro.de\/?page_id=199"},"modified":"2026-03-30T17:03:02","modified_gmt":"2026-03-30T15:03:02","slug":"eib","status":"publish","type":"page","link":"https:\/\/wp.raisch-elektro.de\/index.php\/willkommen\/anlagen\/eib\/","title":{"rendered":"EIB"},"content":{"rendered":"\n<figure itemscope itemtype=\"https:\/\/schema.org\/ImageObject\">\n\t\t\t\t<img decoding=\"async\" src=\"https:\/\/wp.raisch-elektro.de\/wp-content\/uploads\/2024\/04\/EIB.jpg\" alt=\"EIB\" height=\"198\" width=\"694\" title=\"EIB\" onerror=\"this.style.display='none'\" loading=\"lazy\" \/>\n\t<\/figure>\n\t<h3>Europ\u00e4ischer\u00a0Installations\u00a0Bus (EIB)<\/h3>\n<p>Die Anspr\u00fcche an die moderne Elektroinstallation haben sich gewandelt. Sicherheit, Bedienkomfort und Flexibilit\u00e4t treten immer mehr in den Vordergrund. Konventionelle Installationen treten hier sehr schnell an ihre Grenzen. Das Zauberwort f\u00fcr moderne Bauherren hei\u00dft heute \u201eintelligentes Haus&#8220;.<\/p>\n<p>Lange Zeit ver\u00e4nderte sich nur die Architektur der Geb\u00e4ude. Verglichen mit der technischen Entwicklung in der Automobilindustrie blieb die Elektroinstallation in Wohnh\u00e4usern zur\u00fcck. Um ein Geb\u00e4ude \u201eintelligenter&#8220; zu machen, wird statt der klassischen Elektroinstallation mit zahlreichen Leitungen dieses dezentrale Bussystem installiert. Damit kommunizieren im Haus, unter einer einheitlichen Oberfl\u00e4che, Dinge wie Beleuchtung, Rolll\u00e4den, Heizung und Klima. Mit einem Tastendruck zum Beispiel fahren s\u00e4mtliche Rolll\u00e4den nach oben oder unten. Das System kann jederzeit unkompliziert und flexibel den Bed\u00fcrfnissen der Bewohner angepasst werden ohne Schmutz und hohe Kosten zu verursachen.<\/p>\n<figure itemscope itemtype=\"https:\/\/schema.org\/ImageObject\">\n\t\t\t\t<img decoding=\"async\" src=\"https:\/\/wp.raisch-elektro.de\/wp-content\/uploads\/2024\/04\/Haus-300x224.jpg\" alt=\"Haus\" height=\"224\" width=\"300\" title=\"Haus\" onerror=\"this.style.display='none'\" loading=\"lazy\" \/>\n\t<\/figure>\n<figure itemscope itemtype=\"https:\/\/schema.org\/ImageObject\">\n\t\t\t\t<img decoding=\"async\" src=\"https:\/\/wp.raisch-elektro.de\/wp-content\/uploads\/2024\/04\/EIB-1-300x280.jpg\" alt=\"EIB (1)\" height=\"280\" width=\"300\" title=\"EIB (1)\" onerror=\"this.style.display='none'\" loading=\"lazy\" \/>\n\t<\/figure>\n\n","protected":false},"excerpt":{"rendered":"<p>Europ\u00e4ischer\u00a0Installations\u00a0Bus (EIB) Die Anspr\u00fcche an die moderne Elektroinstallation haben sich gewandelt. Sicherheit, Bedienkomfort und Flexibilit\u00e4t treten immer mehr in den Vordergrund. Konventionelle Installationen treten hier sehr schnell an ihre Grenzen. Das Zauberwort f\u00fcr moderne Bauherren hei\u00dft heute \u201eintelligentes Haus&#8220;. Lange Zeit ver\u00e4nderte sich nur die Architektur der Geb\u00e4ude. Verglichen mit der technischen Entwicklung in der [&hellip;]<\/p>\n","protected":false},"author":1,"featured_media":0,"parent":93,"menu_order":2,"comment_status":"closed","ping_status":"closed","template":"","meta":{"footnotes":""},"class_list":["post-199","page","type-page","status-publish","hentry"],"_links":{"self":[{"href":"https:\/\/wp.raisch-elektro.de\/index.php\/wp-json\/wp\/v2\/pages\/199","targetHints":{"allow":["GET"]}}],"collection":[{"href":"https:\/\/wp.raisch-elektro.de\/index.php\/wp-json\/wp\/v2\/pages"}],"about":[{"href":"https:\/\/wp.raisch-elektro.de\/index.php\/wp-json\/wp\/v2\/types\/page"}],"author":[{"embeddable":true,"href":"https:\/\/wp.raisch-elektro.de\/index.php\/wp-json\/wp\/v2\/users\/1"}],"replies":[{"embeddable":true,"href":"https:\/\/wp.raisch-elektro.de\/index.php\/wp-json\/wp\/v2\/comments?post=199"}],"version-history":[{"count":14,"href":"https:\/\/wp.raisch-elektro.de\/index.php\/wp-json\/wp\/v2\/pages\/199\/revisions"}],"predecessor-version":[{"id":623,"href":"https:\/\/wp.raisch-elektro.de\/index.php\/wp-json\/wp\/v2\/pages\/199\/revisions\/623"}],"up":[{"embeddable":true,"href":"https:\/\/wp.raisch-elektro.de\/index.php\/wp-json\/wp\/v2\/pages\/93"}],"wp:attachment":[{"href":"https:\/\/wp.raisch-elektro.de\/index.php\/wp-json\/wp\/v2\/media?parent=199"}],"curies":[{"name":"wp","href":"https:\/\/api.w.org\/{rel}","templated":true}]}}

<figure itemscope itemtype="https://schema.org/ImageObject">
				<img decoding="async" src="https://wp.raisch-elektro.de/wp-content/uploads/2024/04/EIB.jpg" alt="EIB" height="198" width="694" title="EIB" onerror="this.style.display='none'" loading="lazy" />
	</figure>
	<h3>Europäischer Installations Bus (EIB)</h3>
<p>Die Ansprüche an die moderne Elektroinstallation haben sich gewandelt. Sicherheit, Bedienkomfort und Flexibilität treten immer mehr in den Vordergrund. Konventionelle Installationen treten hier sehr schnell an ihre Grenzen. Das Zauberwort für moderne Bauherren heißt heute „intelligentes Haus&#8220;.</p>
<p>Lange Zeit veränderte sich nur die Architektur der Gebäude. Verglichen mit der technischen Entwicklung in der Automobilindustrie blieb die Elektroinstallation in Wohnhäusern zurück. Um ein Gebäude „intelligenter&#8220; zu machen, wird statt der klassischen Elektroinstallation mit zahlreichen Leitungen dieses dezentrale Bussystem installiert. Damit kommunizieren im Haus, unter einer einheitlichen Oberfläche, Dinge wie Beleuchtung, Rollläden, Heizung und Klima. Mit einem Tastendruck zum Beispiel fahren sämtliche Rollläden nach oben oder unten. Das System kann jederzeit unkompliziert und flexibel den Bedürfnissen der Bewohner angepasst werden ohne Schmutz und hohe Kosten zu verursachen.</p>
<figure itemscope itemtype="https://schema.org/ImageObject">
				<img decoding="async" src="https://wp.raisch-elektro.de/wp-content/uploads/2024/04/Haus-300x224.jpg" alt="Haus" height="224" width="300" title="Haus" onerror="this.style.display='none'" loading="lazy" />
	</figure>
<figure itemscope itemtype="https://schema.org/ImageObject">
				<img decoding="async" src="https://wp.raisch-elektro.de/wp-content/uploads/2024/04/EIB-1-300x280.jpg" alt="EIB (1)" height="280" width="300" title="EIB (1)" onerror="this.style.display='none'" loading="lazy" />
	</figure>

<p>Europäischer Installations Bus (EIB) Die Ansprüche an die moderne Elektroinstallation haben sich gewandelt. Sicherheit, Bedienkomfort und Flexibilität treten immer mehr in den Vordergrund. Konventionelle Installationen treten hier sehr schnell an ihre Grenzen. Das Zauberwort für moderne Bauherren heißt heute „intelligentes Haus&#8220;. Lange Zeit veränderte sich nur die Architektur der Gebäude. Verglichen mit der technischen Entwicklung in der [&hellip;]</p>
